test common divisor of 192 and 16.
16
Calculate the greatest common factor of 279 and 8742.
93
What is the greatest common factor of 51 and 6069?
51
What is the highest common factor of 425 and 289?
17
Calculate the highest common factor of 48 and 36.
12
Calculate the highest common factor of 200 and 40.
40
What is the greatest common divisor of 137 and 2192?
137
What is the greatest common divisor of 648 and 336?
24
What is the greatest common factor of 288 and 160?
32
Calculate the greatest common divisor of 32 and 8.
8
Calculate the greatest common factor of 5460 and 21.
21
What is the greatest common factor of 88 and 737?
11
What is the highest common divisor of 542 and 11653?
271
What is the highest common divisor of 13 and 4?
1
Calculate the greatest common divisor of 234 and 522.
18
Calculate the greatest common divisor of 86 and 6.
2
Calculate the greatest common divisor of 189 and 42.
21
Calculate the highest common factor of 2825 and 100.
25
What is the highest common divisor of 37610 and 10?
10
What is the greatest common factor of 456 and 48?
24
What is the greatest common divisor of 851 and 37?
37
Calculate the greatest common factor of 183 and 793.
61
Calculate the highest common factor of 50 and 925.
25
Calculate the greatest common divisor of 30824 and 16.
8
What is the highest common factor of 26 and 832?
26
Calculate the greatest common divisor of 152 and 32.
8
Calculate the highest common divisor of 70 and 110.
10
What is the highest common factor of 22 and 187?
11
What is the highest common divisor of 32 and 16?
16
Calculate the highest common divisor of 188 and 5170.
94
What is the highest common divisor of 1960 and 56?
56
Calculate the greatest common divisor of 24 and 472.
8
What is the highest common factor of 10647 and 156?
39
What is the greatest common divisor of 47 and 15322?
47
What is the greatest common divisor of 84 and 182?
14
What is the greatest common divisor of 537 and 6?
3
Calculate the greatest common factor of 154 and 1804.
22
Calculate the greatest common factor of 96 and 2934.
6
What is the highest common divisor of 209 and 319?
11
Calculate the greatest common divisor of 1875 and 105.
15
What is the greatest common factor of 60 and 19356?
12
What is the greatest common factor of 18 and 738?
18
Calculate the greatest common divisor of 412 and 28.
4
What is the highest common factor of 105 and 45?
15
Calculate the highest common factor of 133 and 114.
19
Calculate the highest common factor of 6 and 21.
3
Calculate the highest common factor of 28 and 16.
4
Calculate the highest common factor of 30 and 258.
6
Calculate the highest common factor of 210 and 14.
14
Calculate the greatest common factor of 212 and 20.
4
What is the greatest common divisor of 1 and 16?
1
What is the highest common factor of 110 and 132?
22
What is the greatest common divisor of 2580 and 60?
60
Calculate the greatest common divisor of 5052 and 120.
12
Calculate the greatest common divisor of 28 and 21.
7
What is the greatest common divisor of 280 and 160?
40
Calculate the highest common factor of 1691 and 608.
19
What is the greatest common divisor of 40 and 1960?
40
What is the highest common factor of 56 and 9338?
14
What is the highest common divisor of 48 and 5352?
24
Calculate the greatest common factor of 230 and 4210.
10
Calculate the greatest common factor of 399 and 1463.
133
What is the greatest common divisor of 296 and 37?
37
What is the highest common divisor of 2080 and 16?
16
Calculate the highest common factor of 900 and 540.
180
Calculate the highest common factor of 12 and 324.
12
What is the highest common divisor of 85 and 25?
5
What is the highest common factor of 96 and 128?
32
What is the highest common divisor of 1372 and 14?
14
What is the greatest common divisor of 13 and 14014?
13
What is the highest common factor of 105 and 56?
7
What is the highest common divisor of 1475 and 10?
5
Calculate the highest common divisor of 21 and 6951.
21
Calculate the greatest common divisor of 572 and 220.
44
Calculate the greatest common divisor of 144 and 6192.
144
What is the greatest common factor of 1248 and 1209?
39
What is the greatest common factor of 58 and 1334?
58
Calculate the greatest common factor of 6445 and 5.
5
Calculate the highest common divisor of 13872 and 16.
16
Calculate the greatest common divisor of 164 and 41.
41
What is the greatest common factor of 195 and 60?
15
Calculate the greatest common divisor of 3 and 15.
3
Calculate the highest common divisor of 630 and 120.
30
What is the highest common factor of 225 and 6?
3
Calculate the greatest common factor of 105 and 665.
35
What is the greatest common divisor of 511 and 2117?
73
Calculate the greatest common divisor of 1200 and 50.
50
Calculate the greatest common divisor of 38 and 171.
19
What is the greatest common divisor of 13 and 403?
13
Calculate the greatest common factor of 8200 and 656.
328
Calculate the greatest common divisor of 48 and 144.
48
What is the highest common factor of 868 and 14?
14
Calculate the highest common factor of 143 and 33.
11
What is the highest common divisor of 172 and 16?
4
Calculate the highest common divisor of 7708 and 123.
41
What is the greatest common divisor of 76 and 5548?
76
Calculate the highest common divisor of 28 and 12.
4
What is the greatest common divisor of 312 and 48?
24
Calculate the highest common divisor of 268 and 67.
67
Calculate the greatest common divisor of 14656 and 64.
64
Calculate the greatest common factor of 170 and 30.
10
Calculate the highest common divisor of 41 and 15293.
41
Calculate the highest common divisor of 15 and 445.
5
Calculate the greatest common factor of 42 and 441.
21
What is the greatest common factor of 90 and 882?
18
What is the highest common divisor of 52 and 1027?
13
Calculate the highest common factor of 46 and 7682.
46
Calculate the greatest common factor of 92 and 115.
23
Calculate the greatest common factor of 232 and 2842.
58
What is the greatest common factor of 44 and 363?
11
What is the highest common divisor of 14155 and 38?
19
Calculate the greatest common divisor of 30 and 2235.
15
What is the highest common factor of 78 and 650?
26
What is the highest common divisor of 32 and 20?
4
Calculate the greatest common divisor of 9 and 5571.
9
Calculate the highest common divisor of 675 and 4131.
27
Calculate the highest common factor of 7 and 224.
7
Calculate the greatest common divisor of 14 and 70.
14
What is the greatest common factor of 7176 and 48?
24
Calculate the highest common factor of 20 and 300.
20
Calculate the greatest common divisor of 598 and 276.
46
Calculate the greatest common divisor of 1924 and 52.
52
Calculate the greatest common factor of 301 and 172.
43
What is the greatest common factor of 75 and 33?
3
Calculate the highest common factor of 6 and 91.
1
What is the highest common factor of 744 and 837?
93
What is the highest common factor of 756 and 210?
42
Calculate the greatest common divisor of 49 and 2597.
49
What is the highest common factor of 323 and 1843?
19
Calculate the highest common divisor of 6 and 288.
6
Calculate the greatest common divisor of 32 and 256.
32
Calculate the highest common factor of 230 and 23.
23
What is the highest common factor of 2095 and 5?
5
Calculate the greatest common factor of 1784 and 8.
8
What is the highest common factor of 11 and 14377?
11
Calculate the highest common divisor of 304 and 190.
38
Calculate the highest common divisor of 506 and 44.
22
What is the highest common factor of 116 and 87?
29
Calculate the highest common factor of 22 and 2134.
22
Calculate the highest common divisor of 91 and 832.
13
What is the greatest common divisor of 315 and 189?
63
What is the highest common divisor of 90 and 198?
18
Calculate the highest common factor of 24 and 640.
8
Calculate the highest common factor of 27 and 153.
9
Calculate the greatest common divisor of 616 and 1672.
88
What is the highest common divisor of 4 and 3644?
4
Calculate the greatest common divisor of 4 and 41.
1
What is the highest common divisor of 45 and 531?
9
Calculate the greatest common divisor of 75 and 270.
15
Calculate the highest common factor of 58 and 30218.
58
What is the greatest common divisor of 